{"id":14078,"date":"2019-07-01T14:46:12","date_gmt":"2019-07-01T13:46:12","guid":{"rendered":"http:\/\/www.eglisemigrationvd.com\/wpweb\/?page_id=14078"},"modified":"2025-07-08T11:05:23","modified_gmt":"2025-07-08T10:05:23","slug":"bienvenue-au-point-dappui","status":"publish","type":"page","link":"http:\/\/www.eglisemigrationvd.com\/wpweb\/?page_id=14078","title":{"rendered":"Point d&rsquo;Appui en bref !"},"content":{"rendered":"<h1><strong data-rich-text-format-boundary=\"true\"><a class=\"hoverZoomLink\" href=\"https:\/\/i0.wp.com\/www.eglisemigrationvd.com\/wpweb\/wp-content\/uploads\/2019\/07\/IMG-4333.jpg\"><img data-recalc-dims=\"1\" loading=\"lazy\" decoding=\"async\" class=\"hoverZoomLink aligncenter wp-image-14075 \" src=\"https:\/\/i0.wp.com\/www.eglisemigrationvd.com\/wpweb\/wp-content\/uploads\/2019\/07\/IMG-4333.jpg?resize=601%2C435\" alt=\"\" width=\"601\" height=\"435\"><\/a><\/strong><br \/><!--StartFragment--><\/h1>\n\n\n<h3 class=\"wp-block-heading\"><strong>Point d&rsquo;Appui, les Eglises aux c\u00f4t\u00e9s des personnes migrantes, lieu d&rsquo;accueil, a ouvert ses portes en 2003.<\/strong><\/h3>\n\n\n\n<p>Depuis, Point d&rsquo;Appui accueille chaque jour de nombreuses personnes. Elles viennent y trouver un accueil chaleureux, une \u00e9coute, des informations. Il est devenu un lieu important dans le r\u00e9seau des acteurs et de la migration dans le canton de Vaud.<\/p>\n\n\n\n<p>Point d&rsquo;Appui vit gr\u00e2ce \u00e0 l&rsquo;engagement actif de ses b\u00e9n\u00e9voles, et continue d&rsquo;en chercher !<\/p>\n\n\n\n<p class=\"has-text-align-left\">Point d&rsquo;Appui collabore avec des associations et organisations dans tout le canton. Il est fortement impliqu\u00e9 dans l&rsquo;Action Parrainages, qui a pour but de mettre en lien des r\u00e9fugi\u00e9-es et des personnes \u00e9tablies en Suisse. Des formations sont propos\u00e9es chaque ann\u00e9e pour ces r\u00e9seaux.<\/p>\n\n\n\n<p><\/p>\n\n\n\n<p><\/p>\n\n\n<h5><!--EndFragment--><\/h5>","protected":false},"excerpt":{"rendered":"<p>Point d&rsquo;Appui, les Eglises aux c\u00f4t\u00e9s des personnes migrantes, lieu d&rsquo;accueil, a ouvert ses portes en 2003. Depuis, Point d&rsquo;Appui accueille chaque jour de nombreuses personnes. Elles viennent y trouver un accueil chaleureux, une \u00e9coute, des informations. Il est devenu un lieu important dans le r\u00e9seau des acteurs et de la migration dans le canton de Vaud. Point d&rsquo;Appui vit<\/p>\n<p><a class=\"more-link\" href=\"http:\/\/www.eglisemigrationvd.com\/wpweb\/?page_id=14078\">Read More<\/a><\/p>\n","protected":false},"author":1,"featured_media":0,"parent":0,"menu_order":0,"comment_status":"closed","ping_status":"closed","template":"","meta":{"ngg_post_thumbnail":0,"jetpack_post_was_ever_published":false,"footnotes":""},"class_list":["post-14078","page","type-page","status-publish","hentry"],"jetpack_sharing_enabled":true,"jetpack_shortlink":"https:\/\/wp.me\/P5l6ys-3F4","_links":{"self":[{"href":"http:\/\/www.eglisemigrationvd.com\/wpweb\/index.php?rest_route=\/wp\/v2\/pages\/14078","targetHints":{"allow":["GET"]}}],"collection":[{"href":"http:\/\/www.eglisemigrationvd.com\/wpweb\/index.php?rest_route=\/wp\/v2\/pages"}],"about":[{"href":"http:\/\/www.eglisemigrationvd.com\/wpweb\/index.php?rest_route=\/wp\/v2\/types\/page"}],"author":[{"embeddable":true,"href":"http:\/\/www.eglisemigrationvd.com\/wpweb\/index.php?rest_route=\/wp\/v2\/users\/1"}],"replies":[{"embeddable":true,"href":"http:\/\/www.eglisemigrationvd.com\/wpweb\/index.php?rest_route=%2Fwp%2Fv2%2Fcomments&post=14078"}],"version-history":[{"count":8,"href":"http:\/\/www.eglisemigrationvd.com\/wpweb\/index.php?rest_route=\/wp\/v2\/pages\/14078\/revisions"}],"predecessor-version":[{"id":33190,"href":"http:\/\/www.eglisemigrationvd.com\/wpweb\/index.php?rest_route=\/wp\/v2\/pages\/14078\/revisions\/33190"}],"wp:attachment":[{"href":"http:\/\/www.eglisemigrationvd.com\/wpweb\/index.php?rest_route=%2Fwp%2Fv2%2Fmedia&parent=14078"}],"curies":[{"name":"wp","href":"https:\/\/api.w.org\/{rel}","templated":true}]}}