{"id":33071,"date":"2025-06-13T15:22:18","date_gmt":"2025-06-13T14:22:18","guid":{"rendered":"https:\/\/www.eglisemigrationvd.com\/wpweb\/?page_id=33071"},"modified":"2025-07-28T14:54:59","modified_gmt":"2025-07-28T13:54:59","slug":"vestiaire","status":"publish","type":"page","link":"http:\/\/www.eglisemigrationvd.com\/wpweb\/?page_id=33071","title":{"rendered":"VESTIAIRE"},"content":{"rendered":"\n<h2 class=\"wp-block-heading\">VESTIAIRE<\/h2>\n\n\n\n<p>Soyez les bienvenus dans notre vestiaire, o\u00f9 vous serez accueillis dans une ambiance chaleureuse !<\/p>\n\n\n\n<p>Vous y trouverez divers habits, pour enfants comme adultes, pour 50 centimes par v\u00eatement.<\/p>\n\n\n\n<p>Un th\u00e9 ou un caf\u00e9 vous seront \u00e9galement offerts!&nbsp;<\/p>\n\n\n\n<p><mark style=\"background-color:rgba(0, 0, 0, 0)\" class=\"has-inline-color has-vivid-red-color\">Pour la pause de l&rsquo;\u00e9t\u00e9, le vestiaire est ferm\u00e9 jusqu&rsquo;au 2 septembre 2025<\/mark><\/p>\n\n\n\n<p><strong>Ouverture<br>les mardis apr\u00e8s-midis de 14h00 \u00e0 17h00<\/strong><\/p>\n\n\n\n<h3 class=\"wp-block-heading\">Renseignements au 021 331 57 20<\/h3>\n\n\n\n<h3 class=\"wp-block-heading\">Situation du vestiaire : Ch. de la Tour Grise 26, 1007 Lausanne<\/h3>\n\n\n\n<h1 class=\"wp-block-heading\"><strong>Lien d&rsquo;acc\u00e8s google maps :<\/strong> <a href=\"https:\/\/www.google.com\/maps\/place\/Chemin+de+la+Tour-Grise+26,+1007+Lausanne\/@46.5207154,6.6128867,19z\/data=!3m1!4b1!4m5!3m4!1s0x478c31d47da250d5:0x44a2f81b75b0f833!8m2!3d46.5207145!4d6.6134339\">Carte de localisation<\/a><\/h1>\n\n\n\n<p><\/p>\n\n\n\n<p><\/p>\n\n\n\n<figure class=\"wp-block-image is-resized\"><a href=\"https:\/\/i0.wp.com\/www.eglisemigrationvd.com\/wpweb\/wp-content\/uploads\/2014\/02\/DSC01218.jpg\"><img loading=\"lazy\" decoding=\"async\" width=\"4086\" height=\"2902\" src=\"https:\/\/i0.wp.com\/www.eglisemigrationvd.com\/wpweb\/wp-content\/uploads\/2014\/02\/DSC01218.jpg?resize=630%2C447\" alt=\"\" class=\"wp-image-546\" style=\"width:840px;height:auto\" srcset=\"https:\/\/i0.wp.com\/www.eglisemigrationvd.com\/wpweb\/wp-content\/uploads\/2014\/02\/DSC01218.jpg?w=4086 4086w, https:\/\/i0.wp.com\/www.eglisemigrationvd.com\/wpweb\/wp-content\/uploads\/2014\/02\/DSC01218.jpg?resize=300%2C213 300w, https:\/\/i0.wp.com\/www.eglisemigrationvd.com\/wpweb\/wp-content\/uploads\/2014\/02\/DSC01218.jpg?resize=1024%2C727 1024w, https:\/\/i0.wp.com\/www.eglisemigrationvd.com\/wpweb\/wp-content\/uploads\/2014\/02\/DSC01218.jpg?w=2000 2000w, https:\/\/i0.wp.com\/www.eglisemigrationvd.com\/wpweb\/wp-content\/uploads\/2014\/02\/DSC01218.jpg?w=3000 3000w\" sizes=\"auto, (max-width: 1000px) 100vw, 1000px\" \/><\/a><\/figure>\n\n\n\n<figure class=\"wp-block-image is-resized\"><a href=\"https:\/\/i0.wp.com\/www.eglisemigrationvd.com\/wpweb\/wp-content\/uploads\/2014\/02\/DSC01220.jpg\"><img loading=\"lazy\" decoding=\"async\" width=\"3455\" height=\"3455\" src=\"https:\/\/i0.wp.com\/www.eglisemigrationvd.com\/wpweb\/wp-content\/uploads\/2014\/02\/DSC01220.jpg?resize=630%2C630\" alt=\"\" class=\"wp-image-547\" style=\"width:840px;height:auto\" srcset=\"https:\/\/i0.wp.com\/www.eglisemigrationvd.com\/wpweb\/wp-content\/uploads\/2014\/02\/DSC01220.jpg?w=3455 3455w, https:\/\/i0.wp.com\/www.eglisemigrationvd.com\/wpweb\/wp-content\/uploads\/2014\/02\/DSC01220.jpg?resize=150%2C150 150w, https:\/\/i0.wp.com\/www.eglisemigrationvd.com\/wpweb\/wp-content\/uploads\/2014\/02\/DSC01220.jpg?resize=300%2C300 300w, https:\/\/i0.wp.com\/www.eglisemigrationvd.com\/wpweb\/wp-content\/uploads\/2014\/02\/DSC01220.jpg?resize=1024%2C1024 1024w, https:\/\/i0.wp.com\/www.eglisemigrationvd.com\/wpweb\/wp-content\/uploads\/2014\/02\/DSC01220.jpg?w=2000 2000w, https:\/\/i0.wp.com\/www.eglisemigrationvd.com\/wpweb\/wp-content\/uploads\/2014\/02\/DSC01220.jpg?w=3000 3000w\" sizes=\"auto, (max-width: 1000px) 100vw, 1000px\" \/><\/a><\/figure>\n\n\n\n<figure class=\"wp-block-image size-large\"><a href=\"https:\/\/i0.wp.com\/www.eglisemigrationvd.com\/wpweb\/wp-content\/uploads\/2025\/07\/Ch.-de-la-Tour-Grise-26-1007-Lausanne.jpeg?ssl=1\"><img data-recalc-dims=\"1\" loading=\"lazy\" decoding=\"async\" width=\"1024\" height=\"531\" src=\"https:\/\/i0.wp.com\/www.eglisemigrationvd.com\/wpweb\/wp-content\/uploads\/2025\/07\/Ch.-de-la-Tour-Grise-26-1007-Lausanne-1024x531.jpeg?resize=1024%2C531&#038;ssl=1\" alt=\"\" class=\"wp-image-33212\" srcset=\"https:\/\/i0.wp.com\/www.eglisemigrationvd.com\/wpweb\/wp-content\/uploads\/2025\/07\/Ch.-de-la-Tour-Grise-26-1007-Lausanne.jpeg?resize=1024%2C531 1024w, https:\/\/i0.wp.com\/www.eglisemigrationvd.com\/wpweb\/wp-content\/uploads\/2025\/07\/Ch.-de-la-Tour-Grise-26-1007-Lausanne.jpeg?resize=300%2C156 300w, https:\/\/i0.wp.com\/www.eglisemigrationvd.com\/wpweb\/wp-content\/uploads\/2025\/07\/Ch.-de-la-Tour-Grise-26-1007-Lausanne.jpeg?resize=768%2C398 768w, https:\/\/i0.wp.com\/www.eglisemigrationvd.com\/wpweb\/wp-content\/uploads\/2025\/07\/Ch.-de-la-Tour-Grise-26-1007-Lausanne.jpeg?resize=800%2C415 800w, https:\/\/i0.wp.com\/www.eglisemigrationvd.com\/wpweb\/wp-content\/uploads\/2025\/07\/Ch.-de-la-Tour-Grise-26-1007-Lausanne.jpeg?w=1226 1226w\" sizes=\"auto, (max-width: 1000px) 100vw, 1000px\" \/><\/a><\/figure>\n\n\n\n<p><\/p>\n\n\n\n<p><\/p>\n","protected":false},"excerpt":{"rendered":"<p>VESTIAIRE Soyez les bienvenus dans notre vestiaire, o\u00f9 vous serez accueillis dans une ambiance chaleureuse ! Vous y trouverez divers habits, pour enfants comme adultes, pour 50 centimes par v\u00eatement. Un th\u00e9 ou un caf\u00e9 vous seront \u00e9galement offerts!&nbsp; Pour la pause de l&rsquo;\u00e9t\u00e9, le vestiaire est ferm\u00e9 jusqu&rsquo;au 2 septembre 2025 Ouvertureles mardis apr\u00e8s-midis de 14h00 \u00e0 17h00 Renseignements<\/p>\n<p><a class=\"more-link\" href=\"http:\/\/www.eglisemigrationvd.com\/wpweb\/?page_id=33071\">Read More<\/a><\/p>\n","protected":false},"author":1,"featured_media":0,"parent":0,"menu_order":0,"comment_status":"closed","ping_status":"closed","template":"","meta":{"ngg_post_thumbnail":0,"jetpack_post_was_ever_published":false,"footnotes":""},"class_list":["post-33071","page","type-page","status-publish","hentry"],"jetpack_sharing_enabled":true,"jetpack_shortlink":"https:\/\/wp.me\/P5l6ys-8Bp","_links":{"self":[{"href":"http:\/\/www.eglisemigrationvd.com\/wpweb\/index.php?rest_route=\/wp\/v2\/pages\/33071","targetHints":{"allow":["GET"]}}],"collection":[{"href":"http:\/\/www.eglisemigrationvd.com\/wpweb\/index.php?rest_route=\/wp\/v2\/pages"}],"about":[{"href":"http:\/\/www.eglisemigrationvd.com\/wpweb\/index.php?rest_route=\/wp\/v2\/types\/page"}],"author":[{"embeddable":true,"href":"http:\/\/www.eglisemigrationvd.com\/wpweb\/index.php?rest_route=\/wp\/v2\/users\/1"}],"replies":[{"embeddable":true,"href":"http:\/\/www.eglisemigrationvd.com\/wpweb\/index.php?rest_route=%2Fwp%2Fv2%2Fcomments&post=33071"}],"version-history":[{"count":14,"href":"http:\/\/www.eglisemigrationvd.com\/wpweb\/index.php?rest_route=\/wp\/v2\/pages\/33071\/revisions"}],"predecessor-version":[{"id":33324,"href":"http:\/\/www.eglisemigrationvd.com\/wpweb\/index.php?rest_route=\/wp\/v2\/pages\/33071\/revisions\/33324"}],"wp:attachment":[{"href":"http:\/\/www.eglisemigrationvd.com\/wpweb\/index.php?rest_route=%2Fwp%2Fv2%2Fmedia&parent=33071"}],"curies":[{"name":"wp","href":"https:\/\/api.w.org\/{rel}","templated":true}]}}

<h2 class="wp-block-heading">VESTIAIRE</h2>



<p>Soyez les bienvenus dans notre vestiaire, où vous serez accueillis dans une ambiance chaleureuse !</p>



<p>Vous y trouverez divers habits, pour enfants comme adultes, pour 50 centimes par vêtement.</p>



<p>Un thé ou un café vous seront également offerts!&nbsp;</p>



<p><mark style="background-color:rgba(0, 0, 0, 0)" class="has-inline-color has-vivid-red-color">Pour la pause de l&rsquo;été, le vestiaire est fermé jusqu&rsquo;au 2 septembre 2025</mark></p>



<p><strong>Ouverture<br>les mardis après-midis de 14h00 à 17h00</strong></p>



<h3 class="wp-block-heading">Renseignements au 021 331 57 20</h3>



<h3 class="wp-block-heading">Situation du vestiaire : Ch. de la Tour Grise 26, 1007 Lausanne</h3>



<h1 class="wp-block-heading"><strong>Lien d&rsquo;accès google maps :</strong> <a href="https://www.google.com/maps/place/Chemin+de+la+Tour-Grise+26,+1007+Lausanne/@46.5207154,6.6128867,19z/data=!3m1!4b1!4m5!3m4!1s0x478c31d47da250d5:0x44a2f81b75b0f833!8m2!3d46.5207145!4d6.6134339">Carte de localisation</a></h1>



<p></p>



<p></p>



<figure class="wp-block-image is-resized"><a href="https://i0.wp.com/www.eglisemigrationvd.com/wpweb/wp-content/uploads/2014/02/DSC01218.jpg"><img loading="lazy" decoding="async" width="4086" height="2902" src="https://i0.wp.com/www.eglisemigrationvd.com/wpweb/wp-content/uploads/2014/02/DSC01218.jpg?resize=630%2C447" alt="" class="wp-image-546" style="width:840px;height:auto" srcset="https://i0.wp.com/www.eglisemigrationvd.com/wpweb/wp-content/uploads/2014/02/DSC01218.jpg?w=4086 4086w, https://i0.wp.com/www.eglisemigrationvd.com/wpweb/wp-content/uploads/2014/02/DSC01218.jpg?resize=300%2C213 300w, https://i0.wp.com/www.eglisemigrationvd.com/wpweb/wp-content/uploads/2014/02/DSC01218.jpg?resize=1024%2C727 1024w, https://i0.wp.com/www.eglisemigrationvd.com/wpweb/wp-content/uploads/2014/02/DSC01218.jpg?w=2000 2000w, https://i0.wp.com/www.eglisemigrationvd.com/wpweb/wp-content/uploads/2014/02/DSC01218.jpg?w=3000 3000w" sizes="auto, (max-width: 1000px) 100vw, 1000px" /></a></figure>



<figure class="wp-block-image is-resized"><a href="https://i0.wp.com/www.eglisemigrationvd.com/wpweb/wp-content/uploads/2014/02/DSC01220.jpg"><img loading="lazy" decoding="async" width="3455" height="3455" src="https://i0.wp.com/www.eglisemigrationvd.com/wpweb/wp-content/uploads/2014/02/DSC01220.jpg?resize=630%2C630" alt="" class="wp-image-547" style="width:840px;height:auto" srcset="https://i0.wp.com/www.eglisemigrationvd.com/wpweb/wp-content/uploads/2014/02/DSC01220.jpg?w=3455 3455w, https://i0.wp.com/www.eglisemigrationvd.com/wpweb/wp-content/uploads/2014/02/DSC01220.jpg?resize=150%2C150 150w, https://i0.wp.com/www.eglisemigrationvd.com/wpweb/wp-content/uploads/2014/02/DSC01220.jpg?resize=300%2C300 300w, https://i0.wp.com/www.eglisemigrationvd.com/wpweb/wp-content/uploads/2014/02/DSC01220.jpg?resize=1024%2C1024 1024w, https://i0.wp.com/www.eglisemigrationvd.com/wpweb/wp-content/uploads/2014/02/DSC01220.jpg?w=2000 2000w, https://i0.wp.com/www.eglisemigrationvd.com/wpweb/wp-content/uploads/2014/02/DSC01220.jpg?w=3000 3000w" sizes="auto, (max-width: 1000px) 100vw, 1000px" /></a></figure>



<figure class="wp-block-image size-large"><a href="https://i0.wp.com/www.eglisemigrationvd.com/wpweb/wp-content/uploads/2025/07/Ch.-de-la-Tour-Grise-26-1007-Lausanne.jpeg?ssl=1"><img data-recalc-dims="1" loading="lazy" decoding="async" width="1024" height="531" src="https://i0.wp.com/www.eglisemigrationvd.com/wpweb/wp-content/uploads/2025/07/Ch.-de-la-Tour-Grise-26-1007-Lausanne-1024x531.jpeg?resize=1024%2C531&#038;ssl=1" alt="" class="wp-image-33212" srcset="https://i0.wp.com/www.eglisemigrationvd.com/wpweb/wp-content/uploads/2025/07/Ch.-de-la-Tour-Grise-26-1007-Lausanne.jpeg?resize=1024%2C531 1024w, https://i0.wp.com/www.eglisemigrationvd.com/wpweb/wp-content/uploads/2025/07/Ch.-de-la-Tour-Grise-26-1007-Lausanne.jpeg?resize=300%2C156 300w, https://i0.wp.com/www.eglisemigrationvd.com/wpweb/wp-content/uploads/2025/07/Ch.-de-la-Tour-Grise-26-1007-Lausanne.jpeg?resize=768%2C398 768w, https://i0.wp.com/www.eglisemigrationvd.com/wpweb/wp-content/uploads/2025/07/Ch.-de-la-Tour-Grise-26-1007-Lausanne.jpeg?resize=800%2C415 800w, https://i0.wp.com/www.eglisemigrationvd.com/wpweb/wp-content/uploads/2025/07/Ch.-de-la-Tour-Grise-26-1007-Lausanne.jpeg?w=1226 1226w" sizes="auto, (max-width: 1000px) 100vw, 1000px" /></a></figure>



<p></p>



<p></p>

<p>VESTIAIRE Soyez les bienvenus dans notre vestiaire, où vous serez accueillis dans une ambiance chaleureuse ! Vous y trouverez divers habits, pour enfants comme adultes, pour 50 centimes par vêtement. Un thé ou un café vous seront également offerts!&nbsp; Pour la pause de l&rsquo;été, le vestiaire est fermé jusqu&rsquo;au 2 septembre 2025 Ouvertureles mardis après-midis de 14h00 à 17h00 Renseignements</p>
<p><a class="more-link" href="http://www.eglisemigrationvd.com/wpweb/?page_id=33071">Read More</a></p>
