{"id":33092,"date":"2025-06-24T07:51:41","date_gmt":"2025-06-24T06:51:41","guid":{"rendered":"https:\/\/www.eglisemigrationvd.com\/wpweb\/?page_id=33092"},"modified":"2025-07-15T09:03:18","modified_gmt":"2025-07-15T08:03:18","slug":"le-bon-filon-2","status":"publish","type":"page","link":"http:\/\/www.eglisemigrationvd.com\/wpweb\/?page_id=33092","title":{"rendered":"BON FILON"},"content":{"rendered":"\n<h1 class=\"wp-block-heading has-text-align-center\"><strong>Le \u00ab\u00a0Bon Filon\u00a0\u00bb<\/strong>,<strong> quelques adresses utiles \u00e0 Lausanne et environs<\/strong><\/h1>\n\n\n\n<p><\/p>\n\n\n<div class=\"wp-block-image\">\n<figure class=\"aligncenter size-large is-resized\"><a href=\"https:\/\/i0.wp.com\/www.eglisemigrationvd.com\/wpweb\/wp-content\/uploads\/2025\/07\/Contact-us-header.jpg?ssl=1\"><img data-recalc-dims=\"1\" loading=\"lazy\" decoding=\"async\" width=\"1024\" height=\"321\" src=\"https:\/\/i0.wp.com\/www.eglisemigrationvd.com\/wpweb\/wp-content\/uploads\/2025\/07\/Contact-us-header-1024x321.jpg?resize=1024%2C321&#038;ssl=1\" alt=\"\" class=\"wp-image-33207\" style=\"width:281px;height:auto\" srcset=\"https:\/\/i0.wp.com\/www.eglisemigrationvd.com\/wpweb\/wp-content\/uploads\/2025\/07\/Contact-us-header.jpg?resize=1024%2C321 1024w, https:\/\/i0.wp.com\/www.eglisemigrationvd.com\/wpweb\/wp-content\/uploads\/2025\/07\/Contact-us-header.jpg?resize=300%2C94 300w, https:\/\/i0.wp.com\/www.eglisemigrationvd.com\/wpweb\/wp-content\/uploads\/2025\/07\/Contact-us-header.jpg?resize=768%2C241 768w, https:\/\/i0.wp.com\/www.eglisemigrationvd.com\/wpweb\/wp-content\/uploads\/2025\/07\/Contact-us-header.jpg?resize=1536%2C481 1536w, https:\/\/i0.wp.com\/www.eglisemigrationvd.com\/wpweb\/wp-content\/uploads\/2025\/07\/Contact-us-header.jpg?resize=2048%2C642 2048w, https:\/\/i0.wp.com\/www.eglisemigrationvd.com\/wpweb\/wp-content\/uploads\/2025\/07\/Contact-us-header.jpg?resize=800%2C251 800w\" sizes=\"auto, (max-width: 1000px) 100vw, 1000px\" \/><\/a><\/figure><\/div>\n\n\n<p><\/p>\n\n\n\n<p><strong>Le \u00ab\u00a0Bon Filon\u00a0\u00bb met \u00e0 disposition de toutes les personnes qui peuvent en avoir besoin une liste (non exhaustive) de bonnes adresses. Des lieux o\u00f9 la dignit\u00e9 de toute personne est respect\u00e9e et o\u00f9 on trouve le soutien pour faire un pas en avant.<\/strong><\/p>\n\n\n\n<p><strong>Nous avons le plaisir de vous partager le \u00ab\u00a0Bon Filon\u00a0\u00bb en format PDF ! Ouvrir en cliquant sur le lien ci-dessous :<\/strong><\/p>\n\n\n\n<h2 class=\"wp-block-heading\"><a href=\"http:\/\/www.eglisemigrationvd.com\/wpweb\/wp-content\/uploads\/2020\/04\/Bon-filon-9e-%C3%A9dit.-f%C3%A9vrier-2020.pdf\">Bon filon 9e \u00e9dit. f\u00e9vrier 2020<\/a><\/h2>\n","protected":false},"excerpt":{"rendered":"<p>Le \u00ab\u00a0Bon Filon\u00a0\u00bb, quelques adresses utiles \u00e0 Lausanne et environs Le \u00ab\u00a0Bon Filon\u00a0\u00bb met \u00e0 disposition de toutes les personnes qui peuvent en avoir besoin une liste (non exhaustive) de bonnes adresses. Des lieux o\u00f9 la dignit\u00e9 de toute personne est respect\u00e9e et o\u00f9 on trouve le soutien pour faire un pas en avant. Nous avons le plaisir de vous<\/p>\n<p><a class=\"more-link\" href=\"http:\/\/www.eglisemigrationvd.com\/wpweb\/?page_id=33092\">Read More<\/a><\/p>\n","protected":false},"author":1,"featured_media":0,"parent":0,"menu_order":0,"comment_status":"closed","ping_status":"closed","template":"","meta":{"ngg_post_thumbnail":0,"jetpack_post_was_ever_published":false,"footnotes":""},"class_list":["post-33092","page","type-page","status-publish","hentry"],"jetpack_sharing_enabled":true,"jetpack_shortlink":"https:\/\/wp.me\/P5l6ys-8BK","_links":{"self":[{"href":"http:\/\/www.eglisemigrationvd.com\/wpweb\/index.php?rest_route=\/wp\/v2\/pages\/33092","targetHints":{"allow":["GET"]}}],"collection":[{"href":"http:\/\/www.eglisemigrationvd.com\/wpweb\/index.php?rest_route=\/wp\/v2\/pages"}],"about":[{"href":"http:\/\/www.eglisemigrationvd.com\/wpweb\/index.php?rest_route=\/wp\/v2\/types\/page"}],"author":[{"embeddable":true,"href":"http:\/\/www.eglisemigrationvd.com\/wpweb\/index.php?rest_route=\/wp\/v2\/users\/1"}],"replies":[{"embeddable":true,"href":"http:\/\/www.eglisemigrationvd.com\/wpweb\/index.php?rest_route=%2Fwp%2Fv2%2Fcomments&post=33092"}],"version-history":[{"count":14,"href":"http:\/\/www.eglisemigrationvd.com\/wpweb\/index.php?rest_route=\/wp\/v2\/pages\/33092\/revisions"}],"predecessor-version":[{"id":33290,"href":"http:\/\/www.eglisemigrationvd.com\/wpweb\/index.php?rest_route=\/wp\/v2\/pages\/33092\/revisions\/33290"}],"wp:attachment":[{"href":"http:\/\/www.eglisemigrationvd.com\/wpweb\/index.php?rest_route=%2Fwp%2Fv2%2Fmedia&parent=33092"}],"curies":[{"name":"wp","href":"https:\/\/api.w.org\/{rel}","templated":true}]}}

<h1 class="wp-block-heading has-text-align-center"><strong>Le « Bon Filon »</strong>,<strong> quelques adresses utiles à Lausanne et environs</strong></h1>



<p></p>


<div class="wp-block-image">
<figure class="aligncenter size-large is-resized"><a href="https://i0.wp.com/www.eglisemigrationvd.com/wpweb/wp-content/uploads/2025/07/Contact-us-header.jpg?ssl=1"><img data-recalc-dims="1" loading="lazy" decoding="async" width="1024" height="321" src="https://i0.wp.com/www.eglisemigrationvd.com/wpweb/wp-content/uploads/2025/07/Contact-us-header-1024x321.jpg?resize=1024%2C321&#038;ssl=1" alt="" class="wp-image-33207" style="width:281px;height:auto" srcset="https://i0.wp.com/www.eglisemigrationvd.com/wpweb/wp-content/uploads/2025/07/Contact-us-header.jpg?resize=1024%2C321 1024w, https://i0.wp.com/www.eglisemigrationvd.com/wpweb/wp-content/uploads/2025/07/Contact-us-header.jpg?resize=300%2C94 300w, https://i0.wp.com/www.eglisemigrationvd.com/wpweb/wp-content/uploads/2025/07/Contact-us-header.jpg?resize=768%2C241 768w, https://i0.wp.com/www.eglisemigrationvd.com/wpweb/wp-content/uploads/2025/07/Contact-us-header.jpg?resize=1536%2C481 1536w, https://i0.wp.com/www.eglisemigrationvd.com/wpweb/wp-content/uploads/2025/07/Contact-us-header.jpg?resize=2048%2C642 2048w, https://i0.wp.com/www.eglisemigrationvd.com/wpweb/wp-content/uploads/2025/07/Contact-us-header.jpg?resize=800%2C251 800w" sizes="auto, (max-width: 1000px) 100vw, 1000px" /></a></figure></div>


<p></p>



<p><strong>Le « Bon Filon » met à disposition de toutes les personnes qui peuvent en avoir besoin une liste (non exhaustive) de bonnes adresses. Des lieux où la dignité de toute personne est respectée et où on trouve le soutien pour faire un pas en avant.</strong></p>



<p><strong>Nous avons le plaisir de vous partager le « Bon Filon » en format PDF ! Ouvrir en cliquant sur le lien ci-dessous :</strong></p>



<h2 class="wp-block-heading"><a href="http://www.eglisemigrationvd.com/wpweb/wp-content/uploads/2020/04/Bon-filon-9e-%C3%A9dit.-f%C3%A9vrier-2020.pdf">Bon filon 9e édit. février 2020</a></h2>

<p>Le « Bon Filon », quelques adresses utiles à Lausanne et environs Le « Bon Filon » met à disposition de toutes les personnes qui peuvent en avoir besoin une liste (non exhaustive) de bonnes adresses. Des lieux où la dignité de toute personne est respectée et où on trouve le soutien pour faire un pas en avant. Nous avons le plaisir de vous</p>
<p><a class="more-link" href="http://www.eglisemigrationvd.com/wpweb/?page_id=33092">Read More</a></p>
