{"id":985,"date":"2016-03-21T22:23:20","date_gmt":"2016-03-21T21:23:20","guid":{"rendered":"http:\/\/www.eglisemigrationvd.com\/wpweb\/?page_id=985"},"modified":"2025-07-08T12:29:32","modified_gmt":"2025-07-08T11:29:32","slug":"action-parrainages","status":"publish","type":"page","link":"http:\/\/www.eglisemigrationvd.com\/wpweb\/?page_id=985","title":{"rendered":"Action Parrainages"},"content":{"rendered":"<h1><strong><a href=\"https:\/\/i0.wp.com\/www.eglisemigrationvd.com\/wpweb\/wp-content\/uploads\/2023\/02\/Visuel_hommes.jpg\"><img data-recalc-dims=\"1\" loading=\"lazy\" decoding=\"async\" class=\"alignleft wp-image-18794 size-large\" src=\"https:\/\/i0.wp.com\/www.eglisemigrationvd.com\/wpweb\/wp-content\/uploads\/2023\/02\/Visuel_hommes.jpg?resize=725%2C1024\" alt=\"\" width=\"725\" height=\"1024\" srcset=\"https:\/\/i0.wp.com\/www.eglisemigrationvd.com\/wpweb\/wp-content\/uploads\/2023\/02\/Visuel_hommes.jpg?resize=725%2C1024 725w, https:\/\/i0.wp.com\/www.eglisemigrationvd.com\/wpweb\/wp-content\/uploads\/2023\/02\/Visuel_hommes.jpg?resize=212%2C300 212w, https:\/\/i0.wp.com\/www.eglisemigrationvd.com\/wpweb\/wp-content\/uploads\/2023\/02\/Visuel_hommes.jpg?resize=768%2C1085 768w, https:\/\/i0.wp.com\/www.eglisemigrationvd.com\/wpweb\/wp-content\/uploads\/2023\/02\/Visuel_hommes.jpg?resize=1087%2C1536 1087w, https:\/\/i0.wp.com\/www.eglisemigrationvd.com\/wpweb\/wp-content\/uploads\/2023\/02\/Visuel_hommes.jpg?resize=1449%2C2048 1449w, https:\/\/i0.wp.com\/www.eglisemigrationvd.com\/wpweb\/wp-content\/uploads\/2023\/02\/Visuel_hommes.jpg?resize=800%2C1131 800w, https:\/\/i0.wp.com\/www.eglisemigrationvd.com\/wpweb\/wp-content\/uploads\/2023\/02\/Visuel_hommes.jpg?w=1771 1771w\" sizes=\"auto, (max-width: 725px) 100vw, 725px\" \/><\/a>Action Parrainages<\/strong><\/h1>\n<p><strong>Qu\u2019est-ce que l\u2019Action-Parrainages ?<\/strong><\/p>\n<p>En 2016 un projet a \u00e9t\u00e9 lanc\u00e9 consistant \u00e0 mettre en lien des gens vivant ici depuis longtemps avec des familles, des jeunes migrants, des hommes et des femmes en exil.<\/p>\n<p>Le but ? Faire connaissance, d\u00e9passer les pr\u00e9jug\u00e9s, soutenir les nouveaux arriv\u00e9s dans leur int\u00e9gration et se mettre \u00e0 construire ensemble ce morceau de terre que nous partageons, pour un temps ou pour longtemps.<\/p>\n<p>L\u2019Action-Parrainages a \u00e9t\u00e9 lanc\u00e9e conjointement par plusieurs associations b\u00e9n\u00e9voles, les Eglises, la communaut\u00e9 Isra\u00e9lite, auxquelles se sont joints des centaines de b\u00e9n\u00e9voles de tous horizons.<\/p>\n<p>Depuis septembre 2017, nous collaborons activement avec l\u2019association&nbsp;<span style=\"color: #3366ff;\"><a style=\"color: #3366ff;\" href=\"https:\/\/projet-paires.ch\/\" target=\"_blank\" rel=\"noopener noreferrer\">PAIRES<\/a>.<\/span><\/p>\n<p>Actuellement, quelques 450 bin\u00f4mes migrants-suisses ont vu le jour. C\u2019est l\u2019occasion de soutenir des personnes, arriv\u00e9es il y a peu dans notre pays, sur le plan humain et parfois dans des d\u00e9marches administratives. Une chance de faire beaucoup de d\u00e9couvertes de part et d\u2019autre, de vivre des exp\u00e9riences magnifiques, difficiles parfois, inoubliables souvent !&nbsp;<\/p>\n<p>On ne se lance pas seul dans l\u2019aventure. Action-Parrainages propose aux parrains et marraines un soutien sous forme de rencontres de formation et de moments d\u2019\u00e9changes d\u2019exp\u00e9riences organis\u00e9s dans les diff\u00e9rentes r\u00e9gions du canton. A tout moment, les parrains peuvent solliciter un coordinateur du projet pour des entretiens individualis\u00e9s. Pour plus d&rsquo;informations, consultez la page d&rsquo;<\/p>\n<p><a href=\"https:\/\/action-parrainages.ch\/\">ACTION-PARRAINAGES<\/a>&nbsp;<\/p>\n<p>Retrouvez-nous sur Facebook :&nbsp;<span style=\"color: #3366ff;\"><a style=\"color: #3366ff;\" href=\"https:\/\/www.facebook.com\/Action-Parrainages-Vaud-787660844751758\/\" target=\"_blank\" rel=\"noopener noreferrer\">Action-Parrainages Vaud<\/a><\/span><\/p>\n<p>&nbsp;<\/p>\n<p class=\"p1\">&nbsp;<\/p>\n","protected":false},"excerpt":{"rendered":"<p>Action Parrainages Qu\u2019est-ce que l\u2019Action-Parrainages ? En 2016 un projet a \u00e9t\u00e9 lanc\u00e9 consistant \u00e0 mettre en lien des gens vivant ici depuis longtemps avec des familles, des jeunes migrants, des hommes et des femmes en exil. Le but ? Faire connaissance, d\u00e9passer les pr\u00e9jug\u00e9s, soutenir les nouveaux arriv\u00e9s dans leur int\u00e9gration et se mettre \u00e0 construire ensemble ce morceau<\/p>\n<p><a class=\"more-link\" href=\"http:\/\/www.eglisemigrationvd.com\/wpweb\/?page_id=985\">Read More<\/a><\/p>\n","protected":false},"author":1,"featured_media":0,"parent":0,"menu_order":0,"comment_status":"closed","ping_status":"closed","template":"","meta":{"ngg_post_thumbnail":0,"jetpack_post_was_ever_published":false,"footnotes":""},"class_list":["post-985","page","type-page","status-publish","hentry"],"jetpack_sharing_enabled":true,"jetpack_shortlink":"https:\/\/wp.me\/P5l6ys-fT","_links":{"self":[{"href":"http:\/\/www.eglisemigrationvd.com\/wpweb\/index.php?rest_route=\/wp\/v2\/pages\/985","targetHints":{"allow":["GET"]}}],"collection":[{"href":"http:\/\/www.eglisemigrationvd.com\/wpweb\/index.php?rest_route=\/wp\/v2\/pages"}],"about":[{"href":"http:\/\/www.eglisemigrationvd.com\/wpweb\/index.php?rest_route=\/wp\/v2\/types\/page"}],"author":[{"embeddable":true,"href":"http:\/\/www.eglisemigrationvd.com\/wpweb\/index.php?rest_route=\/wp\/v2\/users\/1"}],"replies":[{"embeddable":true,"href":"http:\/\/www.eglisemigrationvd.com\/wpweb\/index.php?rest_route=%2Fwp%2Fv2%2Fcomments&post=985"}],"version-history":[{"count":16,"href":"http:\/\/www.eglisemigrationvd.com\/wpweb\/index.php?rest_route=\/wp\/v2\/pages\/985\/revisions"}],"predecessor-version":[{"id":33205,"href":"http:\/\/www.eglisemigrationvd.com\/wpweb\/index.php?rest_route=\/wp\/v2\/pages\/985\/revisions\/33205"}],"wp:attachment":[{"href":"http:\/\/www.eglisemigrationvd.com\/wpweb\/index.php?rest_route=%2Fwp%2Fv2%2Fmedia&parent=985"}],"curies":[{"name":"wp","href":"https:\/\/api.w.org\/{rel}","templated":true}]}}

<h1><strong><a href="https://i0.wp.com/www.eglisemigrationvd.com/wpweb/wp-content/uploads/2023/02/Visuel_hommes.jpg"><img data-recalc-dims="1" loading="lazy" decoding="async" class="alignleft wp-image-18794 size-large" src="https://i0.wp.com/www.eglisemigrationvd.com/wpweb/wp-content/uploads/2023/02/Visuel_hommes.jpg?resize=725%2C1024" alt="" width="725" height="1024" srcset="https://i0.wp.com/www.eglisemigrationvd.com/wpweb/wp-content/uploads/2023/02/Visuel_hommes.jpg?resize=725%2C1024 725w, https://i0.wp.com/www.eglisemigrationvd.com/wpweb/wp-content/uploads/2023/02/Visuel_hommes.jpg?resize=212%2C300 212w, https://i0.wp.com/www.eglisemigrationvd.com/wpweb/wp-content/uploads/2023/02/Visuel_hommes.jpg?resize=768%2C1085 768w, https://i0.wp.com/www.eglisemigrationvd.com/wpweb/wp-content/uploads/2023/02/Visuel_hommes.jpg?resize=1087%2C1536 1087w, https://i0.wp.com/www.eglisemigrationvd.com/wpweb/wp-content/uploads/2023/02/Visuel_hommes.jpg?resize=1449%2C2048 1449w, https://i0.wp.com/www.eglisemigrationvd.com/wpweb/wp-content/uploads/2023/02/Visuel_hommes.jpg?resize=800%2C1131 800w, https://i0.wp.com/www.eglisemigrationvd.com/wpweb/wp-content/uploads/2023/02/Visuel_hommes.jpg?w=1771 1771w" sizes="auto, (max-width: 725px) 100vw, 725px" /></a>Action Parrainages</strong></h1>
<p><strong>Qu’est-ce que l’Action-Parrainages ?</strong></p>
<p>En 2016 un projet a été lancé consistant à mettre en lien des gens vivant ici depuis longtemps avec des familles, des jeunes migrants, des hommes et des femmes en exil.</p>
<p>Le but ? Faire connaissance, dépasser les préjugés, soutenir les nouveaux arrivés dans leur intégration et se mettre à construire ensemble ce morceau de terre que nous partageons, pour un temps ou pour longtemps.</p>
<p>L’Action-Parrainages a été lancée conjointement par plusieurs associations bénévoles, les Eglises, la communauté Israélite, auxquelles se sont joints des centaines de bénévoles de tous horizons.</p>
<p>Depuis septembre 2017, nous collaborons activement avec l’association&nbsp;<span style="color: #3366ff;"><a style="color: #3366ff;" href="https://projet-paires.ch/" target="_blank" rel="noopener noreferrer">PAIRES</a>.</span></p>
<p>Actuellement, quelques 450 binômes migrants-suisses ont vu le jour. C’est l’occasion de soutenir des personnes, arrivées il y a peu dans notre pays, sur le plan humain et parfois dans des démarches administratives. Une chance de faire beaucoup de découvertes de part et d’autre, de vivre des expériences magnifiques, difficiles parfois, inoubliables souvent !&nbsp;</p>
<p>On ne se lance pas seul dans l’aventure. Action-Parrainages propose aux parrains et marraines un soutien sous forme de rencontres de formation et de moments d’échanges d’expériences organisés dans les différentes régions du canton. A tout moment, les parrains peuvent solliciter un coordinateur du projet pour des entretiens individualisés. Pour plus d&rsquo;informations, consultez la page d&rsquo;</p>
<p><a href="https://action-parrainages.ch/">ACTION-PARRAINAGES</a>&nbsp;</p>
<p>Retrouvez-nous sur Facebook :&nbsp;<span style="color: #3366ff;"><a style="color: #3366ff;" href="https://www.facebook.com/Action-Parrainages-Vaud-787660844751758/" target="_blank" rel="noopener noreferrer">Action-Parrainages Vaud</a></span></p>
<p>&nbsp;</p>
<p class="p1">&nbsp;</p>

<p>Action Parrainages Qu’est-ce que l’Action-Parrainages ? En 2016 un projet a été lancé consistant à mettre en lien des gens vivant ici depuis longtemps avec des familles, des jeunes migrants, des hommes et des femmes en exil. Le but ? Faire connaissance, dépasser les préjugés, soutenir les nouveaux arrivés dans leur intégration et se mettre à construire ensemble ce morceau</p>
<p><a class="more-link" href="http://www.eglisemigrationvd.com/wpweb/?page_id=985">Read More</a></p>
