{"id":113,"date":"2014-02-02T17:55:47","date_gmt":"2014-02-02T16:55:47","guid":{"rendered":"http:\/\/www.eglisemigrationvd.com\/wpweb\/?page_id=113"},"modified":"2025-07-15T11:11:48","modified_gmt":"2025-07-15T10:11:48","slug":"point-dappui","status":"publish","type":"page","link":"https:\/\/www.eglisemigrationvd.com\/wpweb\/?page_id=113","title":{"rendered":"Point d&rsquo;Appui et ses services"},"content":{"rendered":"<div class=\"entry-content\">\n<h1 style=\"text-align: center;\"><span style=\"color: #000000;\">Solidarit\u00e9 Eglises Migration Vaud<\/span><\/h1>\n<p style=\"text-align: left;\"><span style=\"color: #000000;\">Solidarit\u00e9 Eglises Migration Vaud est un service \u0153cum\u00e9nique de l\u2019Eglise \u00e9vang\u00e9lique r\u00e9form\u00e9e du canton de Vaud et de l\u2019Eglise catholique romaine dans le canton de Vaud.<\/span><\/p>\n<p><span style=\"color: #000000;\">Il est compos\u00e9 de diff\u00e9rents services r\u00e9gionaux s\u2019occupant de migrants dans le cadre des Eglises, des aum\u00f4niers du CEP-Vallorbe (centre d\u2019enregistrement et de proc\u00e9dure) et des m\u00e9diateurs Eglises R\u00e9fugi\u00e9s. Chaque service est ind\u00e9pendant et se r\u00e9f\u00e8re \u00e0 son Conseil. Les aum\u00f4niers du CEP-Vallorbe et les m\u00e9diateurs Eglise R\u00e9fugi\u00e9s se r\u00e9f\u00e8rent au COER (conseil \u0153cum\u00e9nique&nbsp; vaudois pour les r\u00e9fugi\u00e9s).<\/span><\/p>\n<h3>&nbsp;<\/h3>\n<h2><span style=\"color: #000000;\">Nos objectifs<\/span><\/h2>\n<ul>\n<li><span style=\"color: #000000;\">Accompagner et soutenir des personnes issues de la migration (Sans Papiers, Non Entr\u00e9e en Mati\u00e8re, d\u00e9bout\u00e9s de l\u2019asile, requ\u00e9rants d\u2019asile, admis provisoires, r\u00e9fugi\u00e9s statutaires ou toute autre personne en lien avec la migration)<\/span><\/li>\n<\/ul>\n<ul>\n<li><span style=\"color: #000000;\">Accompagner et soutenir les b\u00e9n\u00e9voles travaillant dans le cadre Solidarit\u00e9 Eglises Migration<\/span><\/li>\n<\/ul>\n<ul>\n<li><span style=\"color: #000000;\">Informer toute personne, b\u00e9n\u00e9voles, groupe, paroisse, r\u00e9gion\/d\u00e9canat des Eglises, association, sur la vraie condition des migrants en Suisse<\/span><\/li>\n<\/ul>\n<ul>\n<li><span style=\"color: #000000;\">Collaborer avec les associations du r\u00e9seau \u00ab&nbsp;migration&nbsp;\u00bb<\/span><\/li>\n<\/ul>\n<ul>\n<li><span style=\"color: #000000;\">Faciliter les relations entre les migrants et les administrations ou institutions<\/span><\/li>\n<\/ul>\n<ul>\n<li><span style=\"color: #000000;\">Former toute personne, b\u00e9n\u00e9vole, groupe, paroisse, r\u00e9gion\/d\u00e9canat des Eglises, association, qui en fait la demande, en lien avec le minist\u00e8re des m\u00e9diateurs Eglises R\u00e9fugi\u00e9s<\/span><\/li>\n<\/ul>\n<ul>\n<li><span style=\"color: #000000;\">Coordonner les projets Solidarit\u00e9 Eglises Migration Vaud<\/span><\/li>\n<\/ul>\n<h3>&nbsp;<\/h3>\n<h2><span style=\"color: #000000;\">Quelques valeurs<\/span><\/h2>\n<p><span style=\"color: #000000;\">Toute personne est bienvenue, peu importe sa provenance, sa couleur de la peau ou sa religion.<\/span><\/p>\n<p><span style=\"color: #000000;\">Le travail de Solidarit\u00e9 Eglises Migration se base sur les valeurs de l\u2019Eglise \u00e9vang\u00e9lique r\u00e9form\u00e9e du canton de Vaud et de l\u2019Eglise catholique romaine dans le canton de Vaud, en lien avec son enseignement et les Evangiles.<\/span><\/p>\n<p><span style=\"color: #000000;\">Solidarit\u00e9 Eglises Migration ne fait pas de pros\u00e9lytisme.<\/span><\/p>\n<h3>&nbsp;<\/h3>\n<h3><span style=\"color: #000000;\">Pour tout renseignement<\/span><\/h3>\n<h3><span style=\"color: #000000;\">M\u00e9diatrices Eglises R\u00e9fugi\u00e9s<\/span><\/h3>\n<h3><span style=\"color: #000000;\">T\u00e9l\u00e9phone: +41 (0)21 331 57 20 le mercredi de 10h00 \u00e0 12h00 et le vendredi de 14h00 \u00e0 17h00.<\/span><\/h3>\n<p>&nbsp;<\/p>\n<p><a href=\"https:\/\/i0.wp.com\/www.eglisemigrationvd.com\/wpweb\/wp-content\/uploads\/2013\/03\/LOGO-ECVD-WEB-SOLIDARITES-2.jpg\"><img loading=\"lazy\" decoding=\"async\" class=\"alignleft wp-image-231\" src=\"https:\/\/i0.wp.com\/www.eglisemigrationvd.com\/wpweb\/wp-content\/uploads\/2014\/01\/Sigle-EERV-2006-web-e1416331216130.jpg?resize=187%2C147\" alt=\"Sigle-EERV-2006-web\" width=\"187\" height=\"147\" data-recalc-dims=\"1\"><br \/>\n<\/a><a href=\"https:\/\/i0.wp.com\/www.eglisemigrationvd.com\/wpweb\/wp-content\/uploads\/2023\/02\/2022_logo_evcd-scaled.jpg\"><img loading=\"lazy\" decoding=\"async\" class=\"alignleft wp-image-18798 size-medium\" src=\"https:\/\/i0.wp.com\/www.eglisemigrationvd.com\/wpweb\/wp-content\/uploads\/2023\/02\/2022_logo_evcd.jpg?resize=300%2C123\" sizes=\"auto, (max-width: 300px) 100vw, 300px\" srcset=\"https:\/\/i0.wp.com\/www.eglisemigrationvd.com\/wpweb\/wp-content\/uploads\/2023\/02\/2022_logo_evcd-scaled.jpg?resize=300%2C123&amp;ssl=1 300w, https:\/\/i0.wp.com\/www.eglisemigrationvd.com\/wpweb\/wp-content\/uploads\/2023\/02\/2022_logo_evcd-scaled.jpg?resize=1024%2C418&amp;ssl=1 1024w, https:\/\/i0.wp.com\/www.eglisemigrationvd.com\/wpweb\/wp-content\/uploads\/2023\/02\/2022_logo_evcd-scaled.jpg?resize=768%2C314&amp;ssl=1 768w, https:\/\/i0.wp.com\/www.eglisemigrationvd.com\/wpweb\/wp-content\/uploads\/2023\/02\/2022_logo_evcd-scaled.jpg?resize=1536%2C627&amp;ssl=1 1536w, https:\/\/i0.wp.com\/www.eglisemigrationvd.com\/wpweb\/wp-content\/uploads\/2023\/02\/2022_logo_evcd-scaled.jpg?resize=2048%2C836&amp;ssl=1 2048w, https:\/\/i0.wp.com\/www.eglisemigrationvd.com\/wpweb\/wp-content\/uploads\/2023\/02\/2022_logo_evcd-scaled.jpg?resize=800%2C327&amp;ssl=1 800w\" alt=\"\" width=\"300\" height=\"123\" data-recalc-dims=\"1\"><\/a><\/p>\n<p>&nbsp;<\/p>\n<\/div>\n<footer class=\"entry-meta\"><span class=\"edit-link\"><a class=\"button button-3d button-mini button-rounded\" href=\"https:\/\/www.eglisemigrationvd.com\/wpweb\/wp-admin\/post.php?post=9&amp;action=edit\">Edit<\/a><\/span><\/footer>\n<h3>&nbsp;<\/h3>\n<h3>&nbsp;<\/h3>\n<p><a href=\"http:\/\/www.eglisemigrationvd.com\/wpweb\/wp-content\/uploads\/2015\/06\/Newsletter-CPRSI-2015-pdf-5-corrig%C3%A9e.pdf\">Newsletter CPRSI 2015&nbsp;<\/a><\/p>\n<p><a href=\"http:\/\/www.eglisemigrationvd.com\/wpweb\/wp-content\/uploads\/2015\/06\/Newsletter-CPRSI-2012-3.pdf\">Newsletter CPRSI 2012&nbsp;<\/a><\/p>\n<p><a href=\"http:\/\/www.eglisemigrationvd.com\/wpweb\/wp-content\/uploads\/2015\/06\/Nouvelle-brochure-CPRSI-2011-corrig%C3%A9e-Andr%C3%A9-4.pdf\">Migrants et paysans dans la tourmente (janvier 2012)<\/a><\/p>\n<p><a href=\"http:\/\/www.eglisemigrationvd.com\/wpweb\/wp-content\/uploads\/2015\/06\/2010-Mariages-binationaux.pdf\">Mariages binationaux&nbsp;<\/a><\/p>\n<p>&nbsp;<\/p>\n<p><a href=\"http:\/\/xn--le%20reflet%20des%20rflexions%20de%20la%20cprsi%20sur%20la%20situation%20actuelle,%20mises%20en%20forme%20par%20andr%20jufer-vzk3g\/\" target=\"_blank\" rel=\"noopener\">Le reflet des r\u00e9flexions de la CPRSI sur la situation actuelle, mises en forme par Andr\u00e9 Jufer<\/a><\/p>\n<p class=\"p1\"><a href=\"http:\/\/www.eglisemigrationvd.com\/wpweb\/wp-content\/uploads\/2015\/06\/Dossier-CPRSI-Le-courrier-2-septembre-2015.pdf\" target=\"_blank\" rel=\"noopener\"><span class=\"s1\">Une opinion de M. Guy Mettan, parue dans Le Courrier,&nbsp;<\/span><span class=\"s1\">&nbsp;chronique de Serge Lachat, fin cin\u00e9phile<\/span><\/a><\/p>\n<p class=\"p1\"><span class=\"s1\"><a href=\"http:\/\/www.eglisemigrationvd.com\/wpweb\/wp-content\/uploads\/2015\/06\/Dossier-CPRSI-Le-Temps-2015.09.02-Lafflux-massif-de-r%C3%A9fugi%C3%A9s-est-un-mythe-aux-effets-pervers.pdf\" target=\"_blank\" rel=\"noopener\">Un article de Robin St\u00fcnzi, Doctorant au Centre des migrations de l\u2019Unine<\/a><\/span><\/p>\n<p class=\"p1\"><a style=\"box-sizing: border-box; background: transparent; color: #333333; text-decoration: none; margin: 0px; padding: 0px; border: 0px; font-size: 14px; vertical-align: baseline; outline: none; transition: 100ms linear;\" href=\"http:\/\/%3C!--%20pdf%20embedder:%20Please%20provide%20an%20&quot;URL&quot;%20attribute%20in%20your%20shortcode.%20-->\/\u00a0\u00bb>Charte de la migration<\/a><\/p>\n<p class=\"p1\"><span class=\"s1\"><a href=\"http:\/\/www.eglisemigrationvd.com\/wpweb\/wp-content\/uploads\/2015\/06\/Dossier-CPRSI-Liste-lieux-dengagement-GE_FR_VS_NE_VD.pdf\" target=\"_blank\" rel=\"noopener\">Une liste de lieux d\u2019engagements possibles en Suisse romande et les contacts utiles<\/a><\/span><\/p>\n<p>&nbsp;<\/p>\n","protected":false},"excerpt":{"rendered":"<p>Solidarit\u00e9 Eglises Migration Vaud Solidarit\u00e9 Eglises Migration Vaud est un service \u0153cum\u00e9nique de l\u2019Eglise \u00e9vang\u00e9lique r\u00e9form\u00e9e du canton de Vaud et de l\u2019Eglise catholique romaine dans le canton de Vaud. Il est compos\u00e9 de diff\u00e9rents services r\u00e9gionaux s\u2019occupant de migrants dans le cadre des Eglises, des aum\u00f4niers du CEP-Vallorbe (centre d\u2019enregistrement et de proc\u00e9dure) et des m\u00e9diateurs Eglises R\u00e9fugi\u00e9s. Chaque<\/p>\n<p><a class=\"more-link\" href=\"https:\/\/www.eglisemigrationvd.com\/wpweb\/?page_id=113\">Read More<\/a><\/p>\n","protected":false},"author":1,"featured_media":0,"parent":0,"menu_order":1,"comment_status":"closed","ping_status":"closed","template":"","meta":{"ngg_post_thumbnail":0,"jetpack_post_was_ever_published":false,"footnotes":""},"class_list":["post-113","page","type-page","status-publish","hentry"],"jetpack_sharing_enabled":true,"jetpack_shortlink":"https:\/\/wp.me\/P5l6ys-1P","_links":{"self":[{"href":"https:\/\/www.eglisemigrationvd.com\/wpweb\/index.php?rest_route=\/wp\/v2\/pages\/113","targetHints":{"allow":["GET"]}}],"collection":[{"href":"https:\/\/www.eglisemigrationvd.com\/wpweb\/index.php?rest_route=\/wp\/v2\/pages"}],"about":[{"href":"https:\/\/www.eglisemigrationvd.com\/wpweb\/index.php?rest_route=\/wp\/v2\/types\/page"}],"author":[{"embeddable":true,"href":"https:\/\/www.eglisemigrationvd.com\/wpweb\/index.php?rest_route=\/wp\/v2\/users\/1"}],"replies":[{"embeddable":true,"href":"https:\/\/www.eglisemigrationvd.com\/wpweb\/index.php?rest_route=%2Fwp%2Fv2%2Fcomments&post=113"}],"version-history":[{"count":123,"href":"https:\/\/www.eglisemigrationvd.com\/wpweb\/index.php?rest_route=\/wp\/v2\/pages\/113\/revisions"}],"predecessor-version":[{"id":33302,"href":"https:\/\/www.eglisemigrationvd.com\/wpweb\/index.php?rest_route=\/wp\/v2\/pages\/113\/revisions\/33302"}],"wp:attachment":[{"href":"https:\/\/www.eglisemigrationvd.com\/wpweb\/index.php?rest_route=%2Fwp%2Fv2%2Fmedia&parent=113"}],"curies":[{"name":"wp","href":"https:\/\/api.w.org\/{rel}","templated":true}]}}

<div class="entry-content">
<h1 style="text-align: center;"><span style="color: #000000;">Solidarité Eglises Migration Vaud</span></h1>
<p style="text-align: left;"><span style="color: #000000;">Solidarité Eglises Migration Vaud est un service œcuménique de l’Eglise évangélique réformée du canton de Vaud et de l’Eglise catholique romaine dans le canton de Vaud.</span></p>
<p><span style="color: #000000;">Il est composé de différents services régionaux s’occupant de migrants dans le cadre des Eglises, des aumôniers du CEP-Vallorbe (centre d’enregistrement et de procédure) et des médiateurs Eglises Réfugiés. Chaque service est indépendant et se réfère à son Conseil. Les aumôniers du CEP-Vallorbe et les médiateurs Eglise Réfugiés se réfèrent au COER (conseil œcuménique&nbsp; vaudois pour les réfugiés).</span></p>
<h3>&nbsp;</h3>
<h2><span style="color: #000000;">Nos objectifs</span></h2>
<ul>
<li><span style="color: #000000;">Accompagner et soutenir des personnes issues de la migration (Sans Papiers, Non Entrée en Matière, déboutés de l’asile, requérants d’asile, admis provisoires, réfugiés statutaires ou toute autre personne en lien avec la migration)</span></li>
</ul>
<ul>
<li><span style="color: #000000;">Accompagner et soutenir les bénévoles travaillant dans le cadre Solidarité Eglises Migration</span></li>
</ul>
<ul>
<li><span style="color: #000000;">Informer toute personne, bénévoles, groupe, paroisse, région/décanat des Eglises, association, sur la vraie condition des migrants en Suisse</span></li>
</ul>
<ul>
<li><span style="color: #000000;">Collaborer avec les associations du réseau «&nbsp;migration&nbsp;»</span></li>
</ul>
<ul>
<li><span style="color: #000000;">Faciliter les relations entre les migrants et les administrations ou institutions</span></li>
</ul>
<ul>
<li><span style="color: #000000;">Former toute personne, bénévole, groupe, paroisse, région/décanat des Eglises, association, qui en fait la demande, en lien avec le ministère des médiateurs Eglises Réfugiés</span></li>
</ul>
<ul>
<li><span style="color: #000000;">Coordonner les projets Solidarité Eglises Migration Vaud</span></li>
</ul>
<h3>&nbsp;</h3>
<h2><span style="color: #000000;">Quelques valeurs</span></h2>
<p><span style="color: #000000;">Toute personne est bienvenue, peu importe sa provenance, sa couleur de la peau ou sa religion.</span></p>
<p><span style="color: #000000;">Le travail de Solidarité Eglises Migration se base sur les valeurs de l’Eglise évangélique réformée du canton de Vaud et de l’Eglise catholique romaine dans le canton de Vaud, en lien avec son enseignement et les Evangiles.</span></p>
<p><span style="color: #000000;">Solidarité Eglises Migration ne fait pas de prosélytisme.</span></p>
<h3>&nbsp;</h3>
<h3><span style="color: #000000;">Pour tout renseignement</span></h3>
<h3><span style="color: #000000;">Médiatrices Eglises Réfugiés</span></h3>
<h3><span style="color: #000000;">Téléphone: +41 (0)21 331 57 20 le mercredi de 10h00 à 12h00 et le vendredi de 14h00 à 17h00.</span></h3>
<p>&nbsp;</p>
<p><a href="https://i0.wp.com/www.eglisemigrationvd.com/wpweb/wp-content/uploads/2013/03/LOGO-ECVD-WEB-SOLIDARITES-2.jpg"><img loading="lazy" decoding="async" class="alignleft wp-image-231" src="https://i0.wp.com/www.eglisemigrationvd.com/wpweb/wp-content/uploads/2014/01/Sigle-EERV-2006-web-e1416331216130.jpg?resize=187%2C147" alt="Sigle-EERV-2006-web" width="187" height="147" data-recalc-dims="1"><br />
</a><a href="https://i0.wp.com/www.eglisemigrationvd.com/wpweb/wp-content/uploads/2023/02/2022_logo_evcd-scaled.jpg"><img loading="lazy" decoding="async" class="alignleft wp-image-18798 size-medium" src="https://i0.wp.com/www.eglisemigrationvd.com/wpweb/wp-content/uploads/2023/02/2022_logo_evcd.jpg?resize=300%2C123" sizes="auto, (max-width: 300px) 100vw, 300px" srcset="https://i0.wp.com/www.eglisemigrationvd.com/wpweb/wp-content/uploads/2023/02/2022_logo_evcd-scaled.jpg?resize=300%2C123&amp;ssl=1 300w, https://i0.wp.com/www.eglisemigrationvd.com/wpweb/wp-content/uploads/2023/02/2022_logo_evcd-scaled.jpg?resize=1024%2C418&amp;ssl=1 1024w, https://i0.wp.com/www.eglisemigrationvd.com/wpweb/wp-content/uploads/2023/02/2022_logo_evcd-scaled.jpg?resize=768%2C314&amp;ssl=1 768w, https://i0.wp.com/www.eglisemigrationvd.com/wpweb/wp-content/uploads/2023/02/2022_logo_evcd-scaled.jpg?resize=1536%2C627&amp;ssl=1 1536w, https://i0.wp.com/www.eglisemigrationvd.com/wpweb/wp-content/uploads/2023/02/2022_logo_evcd-scaled.jpg?resize=2048%2C836&amp;ssl=1 2048w, https://i0.wp.com/www.eglisemigrationvd.com/wpweb/wp-content/uploads/2023/02/2022_logo_evcd-scaled.jpg?resize=800%2C327&amp;ssl=1 800w" alt="" width="300" height="123" data-recalc-dims="1"></a></p>
<p>&nbsp;</p>
</div>
<footer class="entry-meta"><span class="edit-link"><a class="button button-3d button-mini button-rounded" href="https://www.eglisemigrationvd.com/wpweb/wp-admin/post.php?post=9&amp;action=edit">Edit</a></span></footer>
<h3>&nbsp;</h3>
<h3>&nbsp;</h3>
<p><a href="http://www.eglisemigrationvd.com/wpweb/wp-content/uploads/2015/06/Newsletter-CPRSI-2015-pdf-5-corrig%C3%A9e.pdf">Newsletter CPRSI 2015&nbsp;</a></p>
<p><a href="http://www.eglisemigrationvd.com/wpweb/wp-content/uploads/2015/06/Newsletter-CPRSI-2012-3.pdf">Newsletter CPRSI 2012&nbsp;</a></p>
<p><a href="http://www.eglisemigrationvd.com/wpweb/wp-content/uploads/2015/06/Nouvelle-brochure-CPRSI-2011-corrig%C3%A9e-Andr%C3%A9-4.pdf">Migrants et paysans dans la tourmente (janvier 2012)</a></p>
<p><a href="http://www.eglisemigrationvd.com/wpweb/wp-content/uploads/2015/06/2010-Mariages-binationaux.pdf">Mariages binationaux&nbsp;</a></p>
<p>&nbsp;</p>
<p><a href="http://xn--le%20reflet%20des%20rflexions%20de%20la%20cprsi%20sur%20la%20situation%20actuelle,%20mises%20en%20forme%20par%20andr%20jufer-vzk3g/" target="_blank" rel="noopener">Le reflet des réflexions de la CPRSI sur la situation actuelle, mises en forme par André Jufer</a></p>
<p class="p1"><a href="http://www.eglisemigrationvd.com/wpweb/wp-content/uploads/2015/06/Dossier-CPRSI-Le-courrier-2-septembre-2015.pdf" target="_blank" rel="noopener"><span class="s1">Une opinion de M. Guy Mettan, parue dans Le Courrier,&nbsp;</span><span class="s1">&nbsp;chronique de Serge Lachat, fin cinéphile</span></a></p>
<p class="p1"><span class="s1"><a href="http://www.eglisemigrationvd.com/wpweb/wp-content/uploads/2015/06/Dossier-CPRSI-Le-Temps-2015.09.02-Lafflux-massif-de-r%C3%A9fugi%C3%A9s-est-un-mythe-aux-effets-pervers.pdf" target="_blank" rel="noopener">Un article de Robin Stünzi, Doctorant au Centre des migrations de l’Unine</a></span></p>
<p class="p1"><a style="box-sizing: border-box; background: transparent; color: #333333; text-decoration: none; margin: 0px; padding: 0px; border: 0px; font-size: 14px; vertical-align: baseline; outline: none; transition: 100ms linear;" href="http://%3C!--%20pdf%20embedder:%20Please%20provide%20an%20&quot;URL&quot;%20attribute%20in%20your%20shortcode.%20-->/ »>Charte de la migration</a></p>
<p class="p1"><span class="s1"><a href="http://www.eglisemigrationvd.com/wpweb/wp-content/uploads/2015/06/Dossier-CPRSI-Liste-lieux-dengagement-GE_FR_VS_NE_VD.pdf" target="_blank" rel="noopener">Une liste de lieux d’engagements possibles en Suisse romande et les contacts utiles</a></span></p>
<p>&nbsp;</p>

<p>Solidarité Eglises Migration Vaud Solidarité Eglises Migration Vaud est un service œcuménique de l’Eglise évangélique réformée du canton de Vaud et de l’Eglise catholique romaine dans le canton de Vaud. Il est composé de différents services régionaux s’occupant de migrants dans le cadre des Eglises, des aumôniers du CEP-Vallorbe (centre d’enregistrement et de procédure) et des médiateurs Eglises Réfugiés. Chaque</p>
<p><a class="more-link" href="https://www.eglisemigrationvd.com/wpweb/?page_id=113">Read More</a></p>
