{"id":33112,"date":"2025-07-04T07:18:37","date_gmt":"2025-07-04T06:18:37","guid":{"rendered":"https:\/\/www.eglisemigrationvd.com\/wpweb\/?page_id=33112"},"modified":"2025-07-15T09:59:21","modified_gmt":"2025-07-15T08:59:21","slug":"faire-un-don","status":"publish","type":"page","link":"https:\/\/www.eglisemigrationvd.com\/wpweb\/?page_id=33112","title":{"rendered":"FAIRE UN DON"},"content":{"rendered":"\n<h1 class=\"wp-block-heading has-text-align-center\">FAIRE UN DON<\/h1>\n\n\n\n<p class=\"has-text-align-center\"><\/p>\n\n\n<div class=\"wp-block-image\">\n<figure class=\"aligncenter size-full is-resized\"><a href=\"https:\/\/i0.wp.com\/www.eglisemigrationvd.com\/wpweb\/wp-content\/uploads\/2025\/07\/OllP.jpg?ssl=1\"><img data-recalc-dims=\"1\" loading=\"lazy\" decoding=\"async\" width=\"183\" height=\"183\" src=\"https:\/\/i0.wp.com\/www.eglisemigrationvd.com\/wpweb\/wp-content\/uploads\/2025\/07\/OllP.jpg?resize=183%2C183&#038;ssl=1\" alt=\"\" class=\"wp-image-33215\" style=\"width:310px;height:auto\" srcset=\"https:\/\/i0.wp.com\/www.eglisemigrationvd.com\/wpweb\/wp-content\/uploads\/2025\/07\/OllP.jpg?w=183&amp;ssl=1 183w, https:\/\/i0.wp.com\/www.eglisemigrationvd.com\/wpweb\/wp-content\/uploads\/2025\/07\/OllP.jpg?resize=150%2C150&amp;ssl=1 150w\" sizes=\"auto, (max-width: 183px) 100vw, 183px\" \/><\/a><\/figure><\/div>\n\n\n<h2 class=\"wp-block-heading has-text-align-center\">Comment nous soutenir par un don<\/h2>\n\n\n\n<h3 class=\"wp-block-heading\">Notre engagement de moyens en faveur des migrants, en particulier en faveur de ceux qui sont en pr\u00e9carit\u00e9, est consid\u00e9rable tout au long de l\u2019ann\u00e9e. Aidez-nous \u00e0 poursuivre notre travail d&rsquo;accompagnement! <br><br>Pour nous soutenir par un don:<br>CCP \u00a012 \u2013 293 917 \u2013 0\u00a0\u00a0FEDEC rubrique COER<\/h3>\n\n\n\n<p><\/p>\n\n\n\n<figure class=\"wp-block-image size-full\"><a href=\"https:\/\/i0.wp.com\/www.eglisemigrationvd.com\/wpweb\/wp-content\/uploads\/2025\/07\/qrCodePointAppui.png?ssl=1\"><img data-recalc-dims=\"1\" loading=\"lazy\" decoding=\"async\" width=\"180\" height=\"181\" src=\"https:\/\/i0.wp.com\/www.eglisemigrationvd.com\/wpweb\/wp-content\/uploads\/2025\/07\/qrCodePointAppui.png?resize=180%2C181&#038;ssl=1\" alt=\"\" class=\"wp-image-33135\" srcset=\"https:\/\/i0.wp.com\/www.eglisemigrationvd.com\/wpweb\/wp-content\/uploads\/2025\/07\/qrCodePointAppui.png?w=180&amp;ssl=1 180w, https:\/\/i0.wp.com\/www.eglisemigrationvd.com\/wpweb\/wp-content\/uploads\/2025\/07\/qrCodePointAppui.png?resize=150%2C150&amp;ssl=1 150w\" sizes=\"auto, (max-width: 180px) 100vw, 180px\" \/><\/a><\/figure>\n","protected":false},"excerpt":{"rendered":"<p>FAIRE UN DON Comment nous soutenir par un don Notre engagement de moyens en faveur des migrants, en particulier en faveur de ceux qui sont en pr\u00e9carit\u00e9, est consid\u00e9rable tout au long de l\u2019ann\u00e9e. Aidez-nous \u00e0 poursuivre notre travail d&rsquo;accompagnement! Pour nous soutenir par un don:CCP \u00a012 \u2013 293 917 \u2013 0\u00a0\u00a0FEDEC rubrique COER<\/p>\n","protected":false},"author":1,"featured_media":0,"parent":0,"menu_order":0,"comment_status":"closed","ping_status":"closed","template":"","meta":{"ngg_post_thumbnail":0,"jetpack_post_was_ever_published":false,"footnotes":""},"class_list":["post-33112","page","type-page","status-publish","hentry"],"jetpack_sharing_enabled":true,"jetpack_shortlink":"https:\/\/wp.me\/P5l6ys-8C4","_links":{"self":[{"href":"https:\/\/www.eglisemigrationvd.com\/wpweb\/index.php?rest_route=\/wp\/v2\/pages\/33112","targetHints":{"allow":["GET"]}}],"collection":[{"href":"https:\/\/www.eglisemigrationvd.com\/wpweb\/index.php?rest_route=\/wp\/v2\/pages"}],"about":[{"href":"https:\/\/www.eglisemigrationvd.com\/wpweb\/index.php?rest_route=\/wp\/v2\/types\/page"}],"author":[{"embeddable":true,"href":"https:\/\/www.eglisemigrationvd.com\/wpweb\/index.php?rest_route=\/wp\/v2\/users\/1"}],"replies":[{"embeddable":true,"href":"https:\/\/www.eglisemigrationvd.com\/wpweb\/index.php?rest_route=%2Fwp%2Fv2%2Fcomments&post=33112"}],"version-history":[{"count":9,"href":"https:\/\/www.eglisemigrationvd.com\/wpweb\/index.php?rest_route=\/wp\/v2\/pages\/33112\/revisions"}],"predecessor-version":[{"id":33299,"href":"https:\/\/www.eglisemigrationvd.com\/wpweb\/index.php?rest_route=\/wp\/v2\/pages\/33112\/revisions\/33299"}],"wp:attachment":[{"href":"https:\/\/www.eglisemigrationvd.com\/wpweb\/index.php?rest_route=%2Fwp%2Fv2%2Fmedia&parent=33112"}],"curies":[{"name":"wp","href":"https:\/\/api.w.org\/{rel}","templated":true}]}}

<h1 class="wp-block-heading has-text-align-center">FAIRE UN DON</h1>



<p class="has-text-align-center"></p>


<div class="wp-block-image">
<figure class="aligncenter size-full is-resized"><a href="https://i0.wp.com/www.eglisemigrationvd.com/wpweb/wp-content/uploads/2025/07/OllP.jpg?ssl=1"><img data-recalc-dims="1" loading="lazy" decoding="async" width="183" height="183" src="https://i0.wp.com/www.eglisemigrationvd.com/wpweb/wp-content/uploads/2025/07/OllP.jpg?resize=183%2C183&#038;ssl=1" alt="" class="wp-image-33215" style="width:310px;height:auto" srcset="https://i0.wp.com/www.eglisemigrationvd.com/wpweb/wp-content/uploads/2025/07/OllP.jpg?w=183&amp;ssl=1 183w, https://i0.wp.com/www.eglisemigrationvd.com/wpweb/wp-content/uploads/2025/07/OllP.jpg?resize=150%2C150&amp;ssl=1 150w" sizes="auto, (max-width: 183px) 100vw, 183px" /></a></figure></div>


<h2 class="wp-block-heading has-text-align-center">Comment nous soutenir par un don</h2>



<h3 class="wp-block-heading">Notre engagement de moyens en faveur des migrants, en particulier en faveur de ceux qui sont en précarité, est considérable tout au long de l’année. Aidez-nous à poursuivre notre travail d&rsquo;accompagnement! <br><br>Pour nous soutenir par un don:<br>CCP  12 – 293 917 – 0  FEDEC rubrique COER</h3>



<p></p>



<figure class="wp-block-image size-full"><a href="https://i0.wp.com/www.eglisemigrationvd.com/wpweb/wp-content/uploads/2025/07/qrCodePointAppui.png?ssl=1"><img data-recalc-dims="1" loading="lazy" decoding="async" width="180" height="181" src="https://i0.wp.com/www.eglisemigrationvd.com/wpweb/wp-content/uploads/2025/07/qrCodePointAppui.png?resize=180%2C181&#038;ssl=1" alt="" class="wp-image-33135" srcset="https://i0.wp.com/www.eglisemigrationvd.com/wpweb/wp-content/uploads/2025/07/qrCodePointAppui.png?w=180&amp;ssl=1 180w, https://i0.wp.com/www.eglisemigrationvd.com/wpweb/wp-content/uploads/2025/07/qrCodePointAppui.png?resize=150%2C150&amp;ssl=1 150w" sizes="auto, (max-width: 180px) 100vw, 180px" /></a></figure>

<p>FAIRE UN DON Comment nous soutenir par un don Notre engagement de moyens en faveur des migrants, en particulier en faveur de ceux qui sont en précarité, est considérable tout au long de l’année. Aidez-nous à poursuivre notre travail d&rsquo;accompagnement! Pour nous soutenir par un don:CCP  12 – 293 917 – 0  FEDEC rubrique COER</p>
