{"id":573,"date":"2014-12-04T22:14:20","date_gmt":"2014-12-04T21:14:20","guid":{"rendered":"http:\/\/www.eglisemigrationvd.com\/wpweb\/?page_id=573"},"modified":"2025-07-15T10:07:59","modified_gmt":"2025-07-15T09:07:59","slug":"benevolat","status":"publish","type":"page","link":"https:\/\/www.eglisemigrationvd.com\/wpweb\/?page_id=573","title":{"rendered":"B\u00e9n\u00e9volat"},"content":{"rendered":"<h1 class=\"p1\" style=\"text-align: center;\"><span style=\"color: #000000;\"><em>Rejoignez-nous<\/em> <em>au Point d\u2019Appui!<\/em>&nbsp;<\/span><\/h1>\n<p>&nbsp;<\/p>\n<p><span style=\"color: #000000;\">\u00c0 Point d&rsquo;Appui nous travaillons chaque jour aux c\u00f4t\u00e9s des personnes migrantes. Une exp\u00e9rience faite de rencontres, d&rsquo;ouverture, de chemins partag\u00e9s; un engagement humain, concret, et profond\u00e9ment enrichissant.&nbsp;<\/span><\/p>\n<p><span style=\"color: #000000;\">\u00catre b\u00e9n\u00e9vole \u00e0 Point d&rsquo;Appui c\u2019est bien plus qu\u2019un coup de main, il s&rsquo;agit de d\u00e9couvrir d\u2019autres cultures, d\u2019autres mani\u00e8res de voir le monde; l&rsquo;occasion d&rsquo;apprendre \u00e0 \u00e9couter sans juger, d&rsquo;accueillir l\u2019autre tel qu\u2019il est et de construire ensemble un avenir plus juste. C\u2019est aussi participer \u00e0 une r\u00e9alit\u00e9 parfois difficile, mais pleine d\u2019humanit\u00e9, de solidarit\u00e9 et de sens.<\/span><\/p>\n<p><span style=\"color: #000000;\">Nous avons toujours besoin de personnes pr\u00eates \u00e0 donner un peu de leur temps dans les domaines d&rsquo;engagements suivants :<\/span><\/p>\n<ul>\n<li><span style=\"color: #000000;\">Service d&rsquo;accueil<\/span><\/li>\n<li><span style=\"color: #000000;\">Ecrivains publics pour la r\u00e9daction de CV et de lettres<\/span><\/li>\n<li><span style=\"color: #000000;\">Aide informatique<\/span><\/li>\n<li><span style=\"color: #000000;\">Cours et ateliers de fran\u00e7ais<\/span><\/li>\n<li><span style=\"color: #000000;\">Ecoute et accompagnement<\/span><\/li>\n<li><span style=\"color: #000000;\">Aide administrative&nbsp;<\/span><\/li>\n<\/ul>\n<p><span style=\"color: #000000;\">Si vous cherchez un endroit o\u00f9 votre engagement fait la diff\u00e9rence, vous \u00eates au bon endroit.<\/span><\/p>\n<p><span style=\"color: #000000;\">Si vous \u00eates int\u00e9ress\u00e9, merci de contacter Feven Afeworki \u00e0 l&rsquo;adresse : feven.afeworki@cath-vd.ch<\/span><\/p>\n<h3>&nbsp;<\/h3>\n<h3 style=\"text-align: center;\"><span style=\"color: #000000;\"><a style=\"color: #000000;\" href=\"https:\/\/i0.wp.com\/www.eglisemigrationvd.com\/wpweb\/wp-content\/uploads\/2025\/07\/PointAppuiCircle-1.png\"><img data-recalc-dims=\"1\" loading=\"lazy\" decoding=\"async\" class=\"wp-image-33144 aligncenter\" src=\"https:\/\/i0.wp.com\/www.eglisemigrationvd.com\/wpweb\/wp-content\/uploads\/2025\/07\/PointAppuiCircle-1.png?resize=729%2C673\" alt=\"\" width=\"729\" height=\"673\" srcset=\"https:\/\/i0.wp.com\/www.eglisemigrationvd.com\/wpweb\/wp-content\/uploads\/2025\/07\/PointAppuiCircle-1.png?w=1085&amp;ssl=1 1085w, https:\/\/i0.wp.com\/www.eglisemigrationvd.com\/wpweb\/wp-content\/uploads\/2025\/07\/PointAppuiCircle-1.png?resize=300%2C277&amp;ssl=1 300w, https:\/\/i0.wp.com\/www.eglisemigrationvd.com\/wpweb\/wp-content\/uploads\/2025\/07\/PointAppuiCircle-1.png?resize=1024%2C945&amp;ssl=1 1024w, https:\/\/i0.wp.com\/www.eglisemigrationvd.com\/wpweb\/wp-content\/uploads\/2025\/07\/PointAppuiCircle-1.png?resize=768%2C709&amp;ssl=1 768w, https:\/\/i0.wp.com\/www.eglisemigrationvd.com\/wpweb\/wp-content\/uploads\/2025\/07\/PointAppuiCircle-1.png?resize=800%2C738&amp;ssl=1 800w\" sizes=\"auto, (max-width: 729px) 100vw, 729px\" \/><\/a><\/span><\/h3>\n<h1>&nbsp;<\/h1>\n<h1 style=\"text-align: center;\"><em>T\u00e9moignages<\/em><\/h1>\n<h3 class=\"p1\"><span style=\"color: #000000;\"><i>Janine raconte\u2026<\/i><\/span><\/h3>\n<p class=\"p1\"><span style=\"color: #000000;\"><i>\u00ab&nbsp;\u00ab\u00a0B\u00e9n\u00e9vole\u00a0\u00bb: du latin, \u00ab\u00a0bene\u00a0\u00bb signifie \u00ab\u00a0bien\u00a0\u00bb et \u00ab\u00a0volo\u00a0\u00bb signifie \u00ab\u00a0je veux\u00a0\u00bb. Il s\u2019agit donc, avant tout, de vouloir faire du bien\u2026 <\/i><\/span><\/p>\n<p class=\"p1\"><span style=\"color: #000000;\"><i>C\u2019est donc un \u00e9tat d\u2019esprit. Et puis il y a ce \u00ab\u00a0volo\u00a0\u00bb, \u00ab\u00a0je veux\u00a0\u00bb : c\u2019est moi qui d\u00e9cide et, de ce fait, je suis libre. Voil\u00e0 deux motivations bien pr\u00e9cises qui m\u2019incitent, \u00e9tant mon propre chef ou patron, si l\u2019on veut, \u00e0 faire ce que j\u2019ai \u00e0 faire le mieux possible et, \u00e9tant libre, \u00e0 le faire avec joie.&nbsp;<\/i><i>Dans le b\u00e9n\u00e9volat, s\u2019il est bien compris, pas de \u00ab tire au flanc \u00bb, pas de mauvaise humeur. Les heures suppl\u00e9mentaires, s\u2019il y a lieu, on ne conna\u00eet pas\u2026 Etant mon propre patron, je sais l\u2019\u00e9nergie \u00e0 mettre pour que mon entreprise r\u00e9ussisse, encore une fois, pour le bien de tous. <\/i><\/span><\/p>\n<p class=\"p1\"><span style=\"color: #000000;\"><i><strong>J\u2019avoue \u00eatre \u00e9merveill\u00e9e de la forme de b\u00e9n\u00e9volat que je rencontre \u00e0 Point d\u2019Appui<\/strong> : un d\u00e9vouement simple, assidu, motiv\u00e9. Une ambiance joyeuse faite d\u2019entraide, d\u2019humour et, s\u2019il y a lieu, d\u2019une forte dose de compassion v\u00e9cue tr\u00e8s concr\u00e8tement. Pas de grandes phrases, mais un mouvement du c\u0153ur qui se traduit en actes, quelles que soient les difficult\u00e9s rencontr\u00e9es\u2026 et il y en a, de temps en temps, aux jours de pointe\u2026&nbsp;<\/i><\/span><\/p>\n<p class=\"p1\"><span style=\"color: #000000;\"><i>Le b\u00e9n\u00e9volat est une vocation. Pour moi, c\u2019est un cadeau du ciel, puisque je crois que tout nous est donn\u00e9 par plus puissant, par plus aimant que nous. Qu\u2019ajouter ? Si ce n\u2019est de souhaiter que d\u2019autres, toujours plus nombreux, viennent partager ces rares moments d\u2019une fraternit\u00e9 sans fronti\u00e8re, sans ambition, sans hi\u00e9rarchie, sans pr\u00e9s\u00e9ance, dans un total esprit de gratuit\u00e9 et d\u2019amiti\u00e9. \u00bb<\/i><\/span><\/p>\n<p class=\"p1\" style=\"text-align: right;\"><span style=\"color: #000000;\"><strong><i>Janine, b\u00e9n\u00e9vole au Point d&rsquo;Appui<\/i><\/strong><\/span><\/p>\n<h3 class=\"p1\">&nbsp;<\/h3>\n<h3 class=\"p1\"><span style=\"color: #000000;\"><i>Emma raconte\u2026<\/i><\/span><\/h3>\n<p class=\"p1\"><span style=\"color: #000000;\"><i>\u00ab \u2026 En offrant un th\u00e9 ou un caf\u00e9, un&nbsp;<\/i><i>sourire et une oreille pr\u00eate \u00e0 les \u00e9couter, ils&nbsp;<\/i><i>vous parlaient tr\u00e8s timidement avec les&nbsp;<\/i><i>quelques mots qu&rsquo;ils connaissaient de leurs&nbsp;<\/i><i>probl\u00e8mes et n\u00e9cessit\u00e9s du moment et puis&nbsp;<\/i><i>avec le temps de leurs vies.<\/i><\/span><\/p>\n<p class=\"p1\"><span style=\"color: #000000;\"><i>J&rsquo;ai \u00e9t\u00e9 tout de suite touch\u00e9e par la&nbsp;<\/i><i>confiance qu&rsquo;ils nous t\u00e9moignaient, car&nbsp;<\/i><i>sortir de son c\u0153ur toute la douleur et la <\/i><i>tristesse de sa propre vie n&rsquo;est pas chose&nbsp;<\/i><i>facile.<\/i><\/span><\/p>\n<p class=\"p1\"><span style=\"color: #000000;\"><i>J&rsquo;ai r\u00e9alis\u00e9 que ce que je recevais, \u00e9tait&nbsp;<\/i><i>beaucoup plus que ce que je ne pouvais leur&nbsp;<\/i><i>donner : ils m&rsquo;ont donn\u00e9 un exemple de&nbsp;<\/i><i>courage, de force et d&rsquo;esp\u00e9rance\u2026 \u00bb<\/i><\/span><\/p>\n<p style=\"text-align: right;\"><span style=\"color: #000000;\"><strong><i>Emma, b\u00e9n\u00e9vole au Point d&rsquo;Appui<\/i><\/strong><\/span><\/p>\n<p>&nbsp;<\/p>\n\n\n<p><\/p>\n","protected":false},"excerpt":{"rendered":"<p>Rejoignez-nous au Point d\u2019Appui!&nbsp; &nbsp; \u00c0 Point d&rsquo;Appui nous travaillons chaque jour aux c\u00f4t\u00e9s des personnes migrantes. Une exp\u00e9rience faite de rencontres, d&rsquo;ouverture, de chemins partag\u00e9s; un engagement humain, concret, et profond\u00e9ment enrichissant.&nbsp; \u00catre b\u00e9n\u00e9vole \u00e0 Point d&rsquo;Appui c\u2019est bien plus qu\u2019un coup de main, il s&rsquo;agit de d\u00e9couvrir d\u2019autres cultures, d\u2019autres mani\u00e8res de voir le monde; l&rsquo;occasion d&rsquo;apprendre \u00e0<\/p>\n<p><a class=\"more-link\" href=\"https:\/\/www.eglisemigrationvd.com\/wpweb\/?page_id=573\">Read More<\/a><\/p>\n","protected":false},"author":1,"featured_media":0,"parent":0,"menu_order":0,"comment_status":"closed","ping_status":"closed","template":"","meta":{"ngg_post_thumbnail":0,"jetpack_post_was_ever_published":false,"footnotes":""},"class_list":["post-573","page","type-page","status-publish","hentry"],"jetpack_sharing_enabled":true,"jetpack_shortlink":"https:\/\/wp.me\/P5l6ys-9f","_links":{"self":[{"href":"https:\/\/www.eglisemigrationvd.com\/wpweb\/index.php?rest_route=\/wp\/v2\/pages\/573","targetHints":{"allow":["GET"]}}],"collection":[{"href":"https:\/\/www.eglisemigrationvd.com\/wpweb\/index.php?rest_route=\/wp\/v2\/pages"}],"about":[{"href":"https:\/\/www.eglisemigrationvd.com\/wpweb\/index.php?rest_route=\/wp\/v2\/types\/page"}],"author":[{"embeddable":true,"href":"https:\/\/www.eglisemigrationvd.com\/wpweb\/index.php?rest_route=\/wp\/v2\/users\/1"}],"replies":[{"embeddable":true,"href":"https:\/\/www.eglisemigrationvd.com\/wpweb\/index.php?rest_route=%2Fwp%2Fv2%2Fcomments&post=573"}],"version-history":[{"count":48,"href":"https:\/\/www.eglisemigrationvd.com\/wpweb\/index.php?rest_route=\/wp\/v2\/pages\/573\/revisions"}],"predecessor-version":[{"id":33301,"href":"https:\/\/www.eglisemigrationvd.com\/wpweb\/index.php?rest_route=\/wp\/v2\/pages\/573\/revisions\/33301"}],"wp:attachment":[{"href":"https:\/\/www.eglisemigrationvd.com\/wpweb\/index.php?rest_route=%2Fwp%2Fv2%2Fmedia&parent=573"}],"curies":[{"name":"wp","href":"https:\/\/api.w.org\/{rel}","templated":true}]}}